{"id":4,"date":"2021-11-03T07:59:46","date_gmt":"2021-11-03T07:59:46","guid":{"rendered":"https:\/\/spasstaenzer.de\/?page_id=4"},"modified":"2022-02-04T14:36:51","modified_gmt":"2022-02-04T14:36:51","slug":"willkommen-auf-spasstaenzer-de","status":"publish","type":"page","link":"https:\/\/spasstaenzer.de\/","title":{"rendered":"Spa\u00df am Tanzen von Lateinamerikanischen bis Standardt\u00e4nzen"},"content":{"rendered":"\n<p>Es geht nicht darum, professionell zu tanzen, sodass andere es sch\u00f6n finden, sondern es geht darum, Spa\u00df beim Tanzen zu haben und das geht am besten, wenn man den K\u00f6rper so bewegt, wie er sich bewegen will.<\/p>\n\n\n\n<p><\/p>\n\n\n\n<p>It&#8217;s not about dancing professionally so others like it, it&#8217;s about having fun, and it&#8217;s best to move the body the way it wants to move.<br><br>Alexander Fufaev (Physiker), aus seiner Biografie<\/p>\n","protected":false},"excerpt":{"rendered":"<p>Es geht nicht darum, professionell zu tanzen, sodass andere es sch\u00f6n finden, sondern es geht darum, Spa\u00df beim Tanzen zu haben und das geht am besten, wenn man den K\u00f6rper so bewegt, wie er sich bewegen will. It&#8217;s not about <a href=\"https:\/\/spasstaenzer.de\/\" class=\"more-link\">Weiterlesen<\/a><\/p>\n","protected":false},"author":1,"featured_media":0,"parent":0,"menu_order":0,"comment_status":"closed","ping_status":"closed","template":"","meta":{"footnotes":""},"class_list":["post-4","page","type-page","status-publish","hentry"],"_links":{"self":[{"href":"https:\/\/spasstaenzer.de\/index.php?rest_route=\/wp\/v2\/pages\/4","targetHints":{"allow":["GET"]}}],"collection":[{"href":"https:\/\/spasstaenzer.de\/index.php?rest_route=\/wp\/v2\/pages"}],"about":[{"href":"https:\/\/spasstaenzer.de\/index.php?rest_route=\/wp\/v2\/types\/page"}],"author":[{"embeddable":true,"href":"https:\/\/spasstaenzer.de\/index.php?rest_route=\/wp\/v2\/users\/1"}],"replies":[{"embeddable":true,"href":"https:\/\/spasstaenzer.de\/index.php?rest_route=%2Fwp%2Fv2%2Fcomments&post=4"}],"version-history":[{"count":5,"href":"https:\/\/spasstaenzer.de\/index.php?rest_route=\/wp\/v2\/pages\/4\/revisions"}],"predecessor-version":[{"id":28,"href":"https:\/\/spasstaenzer.de\/index.php?rest_route=\/wp\/v2\/pages\/4\/revisions\/28"}],"wp:attachment":[{"href":"https:\/\/spasstaenzer.de\/index.php?rest_route=%2Fwp%2Fv2%2Fmedia&parent=4"}],"curies":[{"name":"wp","href":"https:\/\/api.w.org\/{rel}","templated":true}]}}